{"id":1703,"date":"2020-03-01T09:01:14","date_gmt":"2020-03-01T08:01:14","guid":{"rendered":"https:\/\/www.pkfeyerabend.org\/?page_id=1703"},"modified":"2024-10-06T11:27:15","modified_gmt":"2024-10-06T09:27:15","slug":"pkf-centennial","status":"publish","type":"page","link":"https:\/\/www.pkfeyerabend.org\/es\/pkf-centennial\/","title":{"rendered":"Celebraci\u00f3n del centenario del nacimiento de Paul K. Feyerabend"},"content":{"rendered":"<p><a href=\"https:\/\/www.pkfeyerabend.org\/wp-content\/uploads\/2024\/10\/centennial.png\"><img decoding=\"async\" loading=\"lazy\" src=\"https:\/\/www.pkfeyerabend.org\/wp-content\/uploads\/2024\/10\/centennial.png\" alt=\"\" width=\"499\" height=\"376\" class=\"alignnone size-full wp-image-2989\" srcset=\"https:\/\/www.pkfeyerabend.org\/wp-content\/uploads\/2024\/10\/centennial.png 499w, https:\/\/www.pkfeyerabend.org\/wp-content\/uploads\/2024\/10\/centennial-300x226.png 300w\" sizes=\"(max-width: 499px) 100vw, 499px\" \/><\/a><\/p>\n<p>Actualizado en octubre de 2024<\/p>\n<p>En <strong>enero de 2024<\/strong> se cumplieron 100 a\u00f1os del nacimiento de Paul K. Feyerabend. A lo largo del a\u00f1o se han celebrado actos en varios continentes para recordar y celebrar a Paul, como persona querida y como uno de los pensadores \u00fanicos del siglo XX. El <strong>calendario de actos<\/strong> y sus descripciones est\u00e1n disponibles en el <a href=\"https:\/\/www.pkfcentennial.org\/\"><u><strong>sitio web del centenario de <\/strong><\/u><u><strong>pkf<\/strong><\/u><\/a>, que tambi\u00e9n incluye <strong>grabaciones audiovisuales originales<\/strong> que no est\u00e1n disponibles en ning\u00fan otro lugar; <strong>informaci\u00f3n biogr\u00e1fica y bibliogr\u00e1fica<\/strong> de pkf, memorias y testimonios; informaci\u00f3n sobre los <strong>nuevos vol\u00famenes y traducciones<\/strong> de la obra de pkf; publicaciones sobre pkf producidas en 2024 <strong>en muchos idiomas<\/strong>; y una selecci\u00f3n de citas, publicadas cada semana a lo largo del a\u00f1o.\u00a0 El sitio web tambi\u00e9n incluye enlaces de streaming y <strong>v\u00eddeos<\/strong> grabados de eventos, <strong>programas de radio<\/strong>, <strong>n\u00fameros especiales de revistas<\/strong> e incluso <strong>extractos de <\/strong><em><strong>\u00bfQu\u00e9 realidad?<\/strong><\/em><strong> &#8212; un ciclo de siete canciones para soprano y piano compuestas en memoria de Pa<\/strong><strong>ul<\/strong>. El t\u00edtulo del ciclo est\u00e1 tomado de un art\u00edculo de <em>Conqu<\/em><em>ista de la <\/em><em>Abundan<\/em><em>cia<\/em>, la \u00faltima y p\u00f3stuma obra de pkf, que tambi\u00e9n sirvi\u00f3 de inspiraci\u00f3n para las letras.<\/p>\n<p>La imagen retrata la invitaci\u00f3n distribuida antes de la dedicaci\u00f3n oficial a Paul de un espacio de uso com\u00fan y un banco de descanso con vistas en Le Mont P\u00e8lerin (Suiza).<\/p>\n<p>Los actos seguir\u00e1n celebr\u00e1ndose hasta el <strong>13 de enero de 2025<\/strong>, fecha en la que habr\u00e1 una cita de clausura en l\u00ednea.<\/p>\n<p>&nbsp;<\/p>\n<p>&nbsp;<\/p>","protected":false},"excerpt":{"rendered":"<p>Actualizado en octubre de 2024 En enero de 2024 se cumplieron 100 a\u00f1os del nacimiento de Paul K. Feyerabend. A lo largo del a\u00f1o se han celebrado actos en varios continentes para recordar y celebrar a Paul, como persona querida&#8230;<\/p>\n","protected":false},"author":1,"featured_media":0,"parent":0,"menu_order":4,"comment_status":"closed","ping_status":"closed","template":"","meta":[],"_links":{"self":[{"href":"https:\/\/www.pkfeyerabend.org\/es\/wp-json\/wp\/v2\/pages\/1703"}],"collection":[{"href":"https:\/\/www.pkfeyerabend.org\/es\/wp-json\/wp\/v2\/pages"}],"about":[{"href":"https:\/\/www.pkfeyerabend.org\/es\/wp-json\/wp\/v2\/types\/page"}],"author":[{"embeddable":true,"href":"https:\/\/www.pkfeyerabend.org\/es\/wp-json\/wp\/v2\/users\/1"}],"replies":[{"embeddable":true,"href":"https:\/\/www.pkfeyerabend.org\/es\/wp-json\/wp\/v2\/comments?post=1703"}],"version-history":[{"count":28,"href":"https:\/\/www.pkfeyerabend.org\/es\/wp-json\/wp\/v2\/pages\/1703\/revisions"}],"predecessor-version":[{"id":3018,"href":"https:\/\/www.pkfeyerabend.org\/es\/wp-json\/wp\/v2\/pages\/1703\/revisions\/3018"}],"wp:attachment":[{"href":"https:\/\/www.pkfeyerabend.org\/es\/wp-json\/wp\/v2\/media?parent=1703"}],"curies":[{"name":"wp","href":"https:\/\/api.w.org\/{rel}","templated":true}]}}

Celebración del centenario del nacimiento de Paul K. Feyerabend

<p><a href="https://www.pkfeyerabend.org/wp-content/uploads/2024/10/centennial.png"><img decoding="async" loading="lazy" src="https://www.pkfeyerabend.org/wp-content/uploads/2024/10/centennial.png" alt="" width="499" height="376" class="alignnone size-full wp-image-2989" srcset="https://www.pkfeyerabend.org/wp-content/uploads/2024/10/centennial.png 499w, https://www.pkfeyerabend.org/wp-content/uploads/2024/10/centennial-300x226.png 300w" sizes="(max-width: 499px) 100vw, 499px" /></a></p>
<p>Actualizado en octubre de 2024</p>
<p>En <strong>enero de 2024</strong> se cumplieron 100 años del nacimiento de Paul K. Feyerabend. A lo largo del año se han celebrado actos en varios continentes para recordar y celebrar a Paul, como persona querida y como uno de los pensadores únicos del siglo XX. El <strong>calendario de actos</strong> y sus descripciones están disponibles en el <a href="https://www.pkfcentennial.org/"><u><strong>sitio web del centenario de </strong></u><u><strong>pkf</strong></u></a>, que también incluye <strong>grabaciones audiovisuales originales</strong> que no están disponibles en ningún otro lugar; <strong>información biográfica y bibliográfica</strong> de pkf, memorias y testimonios; información sobre los <strong>nuevos volúmenes y traducciones</strong> de la obra de pkf; publicaciones sobre pkf producidas en 2024 <strong>en muchos idiomas</strong>; y una selección de citas, publicadas cada semana a lo largo del año.  El sitio web también incluye enlaces de streaming y <strong>vídeos</strong> grabados de eventos, <strong>programas de radio</strong>, <strong>números especiales de revistas</strong> e incluso <strong>extractos de </strong><em><strong>¿Qué realidad?</strong></em><strong> &#8212; un ciclo de siete canciones para soprano y piano compuestas en memoria de Pa</strong><strong>ul</strong>. El título del ciclo está tomado de un artículo de <em>Conqu</em><em>ista de la </em><em>Abundan</em><em>cia</em>, la última y póstuma obra de pkf, que también sirvió de inspiración para las letras.</p>
<p>La imagen retrata la invitación distribuida antes de la dedicación oficial a Paul de un espacio de uso común y un banco de descanso con vistas en Le Mont Pèlerin (Suiza).</p>
<p>Los actos seguirán celebrándose hasta el <strong>13 de enero de 2025</strong>, fecha en la que habrá una cita de clausura en línea.</p>
<p>&nbsp;</p>
<p>&nbsp;</p>

<p>Actualizado en octubre de 2024 En enero de 2024 se cumplieron 100 años del nacimiento de Paul K. Feyerabend. A lo largo del año se han celebrado actos en varios continentes para recordar y celebrar a Paul, como persona querida&#8230;</p>
