{"id":97,"date":"2013-02-06T22:21:46","date_gmt":"2013-02-06T21:21:46","guid":{"rendered":"https:\/\/pkfeyerabend.org\/?page_id=97"},"modified":"2026-02-06T14:43:14","modified_gmt":"2026-02-06T13:43:14","slug":"subventions","status":"publish","type":"page","link":"https:\/\/www.pkfeyerabend.org\/es\/accueil\/subventions\/","title":{"rendered":"Subvenciones"},"content":{"rendered":"<p><a href=\"https:\/\/pkfeyerabend.org\/wp-content\/uploads\/2013\/02\/subventions.jpg\"><img decoding=\"async\" loading=\"lazy\" class=\"alignnone size-full wp-image-387\" src=\"https:\/\/pkfeyerabend.org\/wp-content\/uploads\/2013\/02\/subventions.jpg\" alt=\"subventions\" width=\"636\" height=\"295\" srcset=\"https:\/\/www.pkfeyerabend.org\/wp-content\/uploads\/2013\/02\/subventions.jpg 636w, https:\/\/www.pkfeyerabend.org\/wp-content\/uploads\/2013\/02\/subventions-300x139.jpg 300w\" sizes=\"(max-width: 636px) 100vw, 636px\" \/><\/a><\/p>\n<p><strong>Todas las iniciativas apoyadas por la Asociaci\u00f3n tienen que ver con la comunidad y la solidaridad. Para m\u00e1s informaci\u00f3n, consulte <\/strong><a href=\"https:\/\/www.pkfeyerabend.org\/es\/accueil\/quelques-reflexions\/\"><strong>la p\u00e1gina \u00abOpiniones &#8211; Ideas\u00bb<\/strong><\/a><strong>.<\/strong><\/p>\n<p>Las iniciativas suelen referirse a comunidades humanas desfavorecidas que se solidarizan para mejorar sus condiciones de vida, su entorno o sus derechos colectivos, responsabilidades y autodeterminaci\u00f3n. Pueden atacar las condiciones sociales que provocan o perpet\u00faan la falta de solidaridad dentro de las comunidades o entre ellas. O pueden referirse a comunidades de esp\u00edritu, dispuestas a actuar solidariamente para defender un valor que comparten.<\/p>\n<p><strong>Criterios de selecci\u00f3n<\/strong><\/p>\n<p>La Asamblea General elige las iniciativas que ser\u00e1n apoyadas por la asociaci\u00f3n, bas\u00e1ndose en los resultados esperados y de acuerdo con los objetivos de la asociaci\u00f3n, dando preferencia a:<\/p>\n<ul>\n<li>iniciativas que refuercen y generen claramente la solidaridad en las comunidades afectadas;<\/li>\n<li>iniciativas ejemplares, capaces de inspirar y motivar a otras comunidades;<\/li>\n<li>iniciativas que, con un peque\u00f1o apoyo inicial, puedan llegar a ser sostenibles;<\/li>\n<li>iniciativas que, debido a su car\u00e1cter pionero, probablemente no reciban otro tipo de apoyo;<\/li>\n<li>iniciativas basadas en hip\u00f3tesis de trabajo plausibles, llevadas a cabo por actores de confianza capaces de realizarlas (viabilidad).<\/li>\n<\/ul>\n<p><strong>Procedimientos de solicitud<\/strong><\/p>\n<p>La APKF colabora con una red de personas cualificadas, denominadas \u00abnominadores\u00bb, residentes en m\u00e1s de 70 pa\u00edses de todo el mundo. Los nominadores ponen en contacto a la asociaci\u00f3n con las personas, comunidades y organizaciones que son candidatas a llevar a cabo iniciativas apoyadas o a recibir el Premio Paul K. Feyerabend. Los nominadores reciben las solicitudes de apoyo, formulan preguntas para evaluar las iniciativas y transmiten a la oficina de la asociaci\u00f3n \u00fanicamente las solicitudes que consideran elegibles y prometedoras. Todas las personas, comunidades y organizaciones que tengan un proyecto para el que deseen recibir apoyo deben ponerse en contacto con un nominador cercano. Si no conocen a ninguno, deben enviar un resumen del proyecto (por favor, no m\u00e1s de unos pocos p\u00e1rrafos) a <a href=\"mailto:secretariat@pkfeyerabend.org\">secretariat@pkfeyerabend.org<\/a>. Tengan en cuenta que la asociaci\u00f3n solo acepta iniciativas que sigan sus objetivos clave de solidaridad comunitaria y proporcionen otros beneficios valiosos dentro y entre las comunidades. Si el concepto se considera prometedor, la secretar\u00eda pondr\u00e1 al proponente en contacto con un nominador pertinente. Lamentablemente, la Asociaci\u00f3n no podr\u00e1 ofrecer respuestas individuales a todos los que presenten dichos conceptos.<\/p>\n<p><strong>El plazo para la presentaci\u00f3n de iniciativas, nominaciones y conceptos es del 1 de enero al 31 de mayo del a\u00f1o en cuesti\u00f3n. Subvenci\u00f3n m\u00e1xima: 10 000 CHF para iniciativas de uno o dos a\u00f1os de duraci\u00f3n.<\/strong><\/p>","protected":false},"excerpt":{"rendered":"<p>Todas las iniciativas apoyadas por la Asociaci\u00f3n tienen que ver con la comunidad y la solidaridad. Para m\u00e1s informaci\u00f3n, consulte la p\u00e1gina \u00abOpiniones &#8211; Ideas\u00bb. Las iniciativas suelen referirse a comunidades humanas desfavorecidas que se solidarizan para mejorar sus condiciones&#8230;<\/p>\n","protected":false},"author":1,"featured_media":0,"parent":13,"menu_order":2,"comment_status":"open","ping_status":"open","template":"","meta":[],"_links":{"self":[{"href":"https:\/\/www.pkfeyerabend.org\/es\/wp-json\/wp\/v2\/pages\/97"}],"collection":[{"href":"https:\/\/www.pkfeyerabend.org\/es\/wp-json\/wp\/v2\/pages"}],"about":[{"href":"https:\/\/www.pkfeyerabend.org\/es\/wp-json\/wp\/v2\/types\/page"}],"author":[{"embeddable":true,"href":"https:\/\/www.pkfeyerabend.org\/es\/wp-json\/wp\/v2\/users\/1"}],"replies":[{"embeddable":true,"href":"https:\/\/www.pkfeyerabend.org\/es\/wp-json\/wp\/v2\/comments?post=97"}],"version-history":[{"count":9,"href":"https:\/\/www.pkfeyerabend.org\/es\/wp-json\/wp\/v2\/pages\/97\/revisions"}],"predecessor-version":[{"id":3151,"href":"https:\/\/www.pkfeyerabend.org\/es\/wp-json\/wp\/v2\/pages\/97\/revisions\/3151"}],"up":[{"embeddable":true,"href":"https:\/\/www.pkfeyerabend.org\/es\/wp-json\/wp\/v2\/pages\/13"}],"wp:attachment":[{"href":"https:\/\/www.pkfeyerabend.org\/es\/wp-json\/wp\/v2\/media?parent=97"}],"curies":[{"name":"wp","href":"https:\/\/api.w.org\/{rel}","templated":true}]}}

<p><a href="https://pkfeyerabend.org/wp-content/uploads/2013/02/subventions.jpg"><img decoding="async" loading="lazy" class="alignnone size-full wp-image-387" src="https://pkfeyerabend.org/wp-content/uploads/2013/02/subventions.jpg" alt="subventions" width="636" height="295" srcset="https://www.pkfeyerabend.org/wp-content/uploads/2013/02/subventions.jpg 636w, https://www.pkfeyerabend.org/wp-content/uploads/2013/02/subventions-300x139.jpg 300w" sizes="(max-width: 636px) 100vw, 636px" /></a></p>
<p><strong>Todas las iniciativas apoyadas por la Asociación tienen que ver con la comunidad y la solidaridad. Para más información, consulte </strong><a href="https://www.pkfeyerabend.org/es/accueil/quelques-reflexions/"><strong>la página «Opiniones &#8211; Ideas»</strong></a><strong>.</strong></p>
<p>Las iniciativas suelen referirse a comunidades humanas desfavorecidas que se solidarizan para mejorar sus condiciones de vida, su entorno o sus derechos colectivos, responsabilidades y autodeterminación. Pueden atacar las condiciones sociales que provocan o perpetúan la falta de solidaridad dentro de las comunidades o entre ellas. O pueden referirse a comunidades de espíritu, dispuestas a actuar solidariamente para defender un valor que comparten.</p>
<p><strong>Criterios de selección</strong></p>
<p>La Asamblea General elige las iniciativas que serán apoyadas por la asociación, basándose en los resultados esperados y de acuerdo con los objetivos de la asociación, dando preferencia a:</p>
<ul>
<li>iniciativas que refuercen y generen claramente la solidaridad en las comunidades afectadas;</li>
<li>iniciativas ejemplares, capaces de inspirar y motivar a otras comunidades;</li>
<li>iniciativas que, con un pequeño apoyo inicial, puedan llegar a ser sostenibles;</li>
<li>iniciativas que, debido a su carácter pionero, probablemente no reciban otro tipo de apoyo;</li>
<li>iniciativas basadas en hipótesis de trabajo plausibles, llevadas a cabo por actores de confianza capaces de realizarlas (viabilidad).</li>
</ul>
<p><strong>Procedimientos de solicitud</strong></p>
<p>La APKF colabora con una red de personas cualificadas, denominadas «nominadores», residentes en más de 70 países de todo el mundo. Los nominadores ponen en contacto a la asociación con las personas, comunidades y organizaciones que son candidatas a llevar a cabo iniciativas apoyadas o a recibir el Premio Paul K. Feyerabend. Los nominadores reciben las solicitudes de apoyo, formulan preguntas para evaluar las iniciativas y transmiten a la oficina de la asociación únicamente las solicitudes que consideran elegibles y prometedoras. Todas las personas, comunidades y organizaciones que tengan un proyecto para el que deseen recibir apoyo deben ponerse en contacto con un nominador cercano. Si no conocen a ninguno, deben enviar un resumen del proyecto (por favor, no más de unos pocos párrafos) a <a href="mailto:secretariat@pkfeyerabend.org">secretariat@pkfeyerabend.org</a>. Tengan en cuenta que la asociación solo acepta iniciativas que sigan sus objetivos clave de solidaridad comunitaria y proporcionen otros beneficios valiosos dentro y entre las comunidades. Si el concepto se considera prometedor, la secretaría pondrá al proponente en contacto con un nominador pertinente. Lamentablemente, la Asociación no podrá ofrecer respuestas individuales a todos los que presenten dichos conceptos.</p>
<p><strong>El plazo para la presentación de iniciativas, nominaciones y conceptos es del 1 de enero al 31 de mayo del año en cuestión. Subvención máxima: 10 000 CHF para iniciativas de uno o dos años de duración.</strong></p>

<p>Todas las iniciativas apoyadas por la Asociación tienen que ver con la comunidad y la solidaridad. Para más información, consulte la página «Opiniones &#8211; Ideas». Las iniciativas suelen referirse a comunidades humanas desfavorecidas que se solidarizan para mejorar sus condiciones&#8230;</p>
