{"id":2017,"date":"2020-12-27T12:06:01","date_gmt":"2020-12-27T11:06:01","guid":{"rendered":"https:\/\/www.pkfeyerabend.org\/?page_id=2017"},"modified":"2026-02-06T14:51:40","modified_gmt":"2026-02-06T13:51:40","slug":"le-conseil-de-la-fondation","status":"publish","type":"page","link":"https:\/\/www.pkfeyerabend.org\/fr\/accueil\/le-conseil-de-la-fondation\/","title":{"rendered":"Les membres fondateurs de l&rsquo;association"},"content":{"rendered":"<p><a href=\"https:\/\/www.pkfeyerabend.org\/wp-content\/uploads\/2013\/06\/two-people-talking.jpg\"><img decoding=\"async\" loading=\"lazy\" class=\"size-full wp-image-382 alignnone\" src=\"https:\/\/www.pkfeyerabend.org\/wp-content\/uploads\/2013\/06\/two-people-talking.jpg\" alt=\"\" width=\"636\" height=\"300\" srcset=\"https:\/\/www.pkfeyerabend.org\/wp-content\/uploads\/2013\/06\/two-people-talking.jpg 636w, https:\/\/www.pkfeyerabend.org\/wp-content\/uploads\/2013\/06\/two-people-talking-300x141.jpg 300w\" sizes=\"(max-width: 636px) 100vw, 636px\" \/><\/a><\/p>\n<p>Les membres fondateurs de l&rsquo;association Paul K. Feyerabend sont sept personnes qui ont une exp\u00e9rience professionnelle et un engagement dans les domaines qui int\u00e9ressent l&rsquo;association. Ils sont li\u00e9s par l&rsquo;amiti\u00e9, une collaboration de longue date et une vision commune de ce que l&rsquo;association doit accomplir. Ils sont soutenus par un responsable informatique b\u00e9n\u00e9vole tr\u00e8s comp\u00e9tent et g\u00e9n\u00e9reux. Voici leurs photos prises lors d&rsquo;une r\u00e9union en ligne en 2020.<\/p>\n<p><a href=\"https:\/\/www.pkfeyerabend.org\/wp-content\/uploads\/2020\/12\/board.png\"><img decoding=\"async\" loading=\"lazy\" class=\"alignleft size-medium_large wp-image-2029\" src=\"https:\/\/www.pkfeyerabend.org\/wp-content\/uploads\/2020\/12\/board-768x454.png\" alt=\"\" width=\"768\" height=\"454\" srcset=\"https:\/\/www.pkfeyerabend.org\/wp-content\/uploads\/2020\/12\/board-768x454.png 768w, https:\/\/www.pkfeyerabend.org\/wp-content\/uploads\/2020\/12\/board-300x177.png 300w, https:\/\/www.pkfeyerabend.org\/wp-content\/uploads\/2020\/12\/board-1024x605.png 1024w, https:\/\/www.pkfeyerabend.org\/wp-content\/uploads\/2020\/12\/board-1536x907.png 1536w, https:\/\/www.pkfeyerabend.org\/wp-content\/uploads\/2020\/12\/board.png 1729w\" sizes=\"(max-width: 768px) 100vw, 768px\" \/><\/a><\/p>","protected":false},"excerpt":{"rendered":"<p>Les membres fondateurs de l&rsquo;association Paul K. Feyerabend sont sept personnes qui ont une exp\u00e9rience professionnelle et un engagement dans les domaines qui int\u00e9ressent l&rsquo;association. Ils sont li\u00e9s par l&rsquo;amiti\u00e9, une collaboration de longue date et une vision commune de&#8230;<\/p>\n","protected":false},"author":1,"featured_media":0,"parent":13,"menu_order":5,"comment_status":"closed","ping_status":"closed","template":"","meta":[],"_links":{"self":[{"href":"https:\/\/www.pkfeyerabend.org\/fr\/wp-json\/wp\/v2\/pages\/2017"}],"collection":[{"href":"https:\/\/www.pkfeyerabend.org\/fr\/wp-json\/wp\/v2\/pages"}],"about":[{"href":"https:\/\/www.pkfeyerabend.org\/fr\/wp-json\/wp\/v2\/types\/page"}],"author":[{"embeddable":true,"href":"https:\/\/www.pkfeyerabend.org\/fr\/wp-json\/wp\/v2\/users\/1"}],"replies":[{"embeddable":true,"href":"https:\/\/www.pkfeyerabend.org\/fr\/wp-json\/wp\/v2\/comments?post=2017"}],"version-history":[{"count":5,"href":"https:\/\/www.pkfeyerabend.org\/fr\/wp-json\/wp\/v2\/pages\/2017\/revisions"}],"predecessor-version":[{"id":3154,"href":"https:\/\/www.pkfeyerabend.org\/fr\/wp-json\/wp\/v2\/pages\/2017\/revisions\/3154"}],"up":[{"embeddable":true,"href":"https:\/\/www.pkfeyerabend.org\/fr\/wp-json\/wp\/v2\/pages\/13"}],"wp:attachment":[{"href":"https:\/\/www.pkfeyerabend.org\/fr\/wp-json\/wp\/v2\/media?parent=2017"}],"curies":[{"name":"wp","href":"https:\/\/api.w.org\/{rel}","templated":true}]}}

<p><a href="https://www.pkfeyerabend.org/wp-content/uploads/2013/06/two-people-talking.jpg"><img decoding="async" loading="lazy" class="size-full wp-image-382 alignnone" src="https://www.pkfeyerabend.org/wp-content/uploads/2013/06/two-people-talking.jpg" alt="" width="636" height="300" srcset="https://www.pkfeyerabend.org/wp-content/uploads/2013/06/two-people-talking.jpg 636w, https://www.pkfeyerabend.org/wp-content/uploads/2013/06/two-people-talking-300x141.jpg 300w" sizes="(max-width: 636px) 100vw, 636px" /></a></p>
<p>Les membres fondateurs de l&rsquo;association Paul K. Feyerabend sont sept personnes qui ont une expérience professionnelle et un engagement dans les domaines qui intéressent l&rsquo;association. Ils sont liés par l&rsquo;amitié, une collaboration de longue date et une vision commune de ce que l&rsquo;association doit accomplir. Ils sont soutenus par un responsable informatique bénévole très compétent et généreux. Voici leurs photos prises lors d&rsquo;une réunion en ligne en 2020.</p>
<p><a href="https://www.pkfeyerabend.org/wp-content/uploads/2020/12/board.png"><img decoding="async" loading="lazy" class="alignleft size-medium_large wp-image-2029" src="https://www.pkfeyerabend.org/wp-content/uploads/2020/12/board-768x454.png" alt="" width="768" height="454" srcset="https://www.pkfeyerabend.org/wp-content/uploads/2020/12/board-768x454.png 768w, https://www.pkfeyerabend.org/wp-content/uploads/2020/12/board-300x177.png 300w, https://www.pkfeyerabend.org/wp-content/uploads/2020/12/board-1024x605.png 1024w, https://www.pkfeyerabend.org/wp-content/uploads/2020/12/board-1536x907.png 1536w, https://www.pkfeyerabend.org/wp-content/uploads/2020/12/board.png 1729w" sizes="(max-width: 768px) 100vw, 768px" /></a></p>

<p>Les membres fondateurs de l&rsquo;association Paul K. Feyerabend sont sept personnes qui ont une expérience professionnelle et un engagement dans les domaines qui intéressent l&rsquo;association. Ils sont liés par l&rsquo;amitié, une collaboration de longue date et une vision commune de&#8230;</p>
