{"id":97,"date":"2013-02-06T22:21:46","date_gmt":"2013-02-06T21:21:46","guid":{"rendered":"https:\/\/pkfeyerabend.org\/?page_id=97"},"modified":"2026-02-06T14:43:14","modified_gmt":"2026-02-06T13:43:14","slug":"subventions","status":"publish","type":"page","link":"https:\/\/www.pkfeyerabend.org\/fr\/accueil\/subventions\/","title":{"rendered":"Subventions"},"content":{"rendered":"<p><a href=\"https:\/\/pkfeyerabend.org\/wp-content\/uploads\/2013\/02\/subventions.jpg\"><img decoding=\"async\" loading=\"lazy\" class=\"alignnone size-full wp-image-387\" src=\"https:\/\/pkfeyerabend.org\/wp-content\/uploads\/2013\/02\/subventions.jpg\" alt=\"subventions\" width=\"636\" height=\"295\" srcset=\"https:\/\/www.pkfeyerabend.org\/wp-content\/uploads\/2013\/02\/subventions.jpg 636w, https:\/\/www.pkfeyerabend.org\/wp-content\/uploads\/2013\/02\/subventions-300x139.jpg 300w\" sizes=\"(max-width: 636px) 100vw, 636px\" \/><\/a><\/p>\n<p>Les initiatives concernent g\u00e9n\u00e9ralement des communaut\u00e9s humaines d\u00e9favoris\u00e9es qui s&rsquo;engagent dans la solidarit\u00e9 pour am\u00e9liorer leurs conditions de vie, leur environnement ou leurs droits collectifs, leurs responsabilit\u00e9s et leur autod\u00e9termination. Elles peuvent s&rsquo;attaquer aux conditions sociales qui provoquent ou perp\u00e9tuent le manque de solidarit\u00e9 au sein des communaut\u00e9s ou entre elles. Elles peuvent \u00e9galement concerner des communaut\u00e9s d&rsquo;esprit, d\u00e9sireuses d&rsquo;agir solidairement pour d\u00e9fendre une valeur qu&rsquo;elles partagent.<\/p>\n<p><strong>Crit\u00e8res de s\u00e9lection<\/strong><\/p>\n<p>L&rsquo;Assembl\u00e9e g\u00e9n\u00e9rale choisit les initiatives qui seront soutenues par l&rsquo;association, en fonction des r\u00e9sultats attendus et conform\u00e9ment aux objectifs de l&rsquo;association, en donnant la pr\u00e9f\u00e9rence aux :<\/p>\n<ul>\n<li>initiatives qui renforcent et g\u00e9n\u00e8rent clairement la solidarit\u00e9 au sein des communaut\u00e9s concern\u00e9es ;<\/li>\n<li>initiatives exemplaires, capables d&rsquo;inspirer et de motiver d&rsquo;autres communaut\u00e9s ;<\/li>\n<li>les initiatives qui, avec un petit soutien initial, sont susceptibles de devenir durables ;<\/li>\n<li>les initiatives peu susceptibles de b\u00e9n\u00e9ficier d&rsquo;autres soutiens en raison de leur caract\u00e8re pionnier ;<\/li>\n<li>les initiatives fond\u00e9es sur des hypoth\u00e8ses de travail plausibles, men\u00e9es par des acteurs de confiance capables de les r\u00e9aliser (faisabilit\u00e9).<\/li>\n<\/ul>\n<p><strong>Proc\u00e9dures de candidature<\/strong><\/p>\n<p>L&rsquo;APKF collabore avec un r\u00e9seau de personnes qualifi\u00e9es, appel\u00e9es \u00ab nominateurs \u00bb, r\u00e9sidant dans plus de 70 pays \u00e0 travers le monde. Les nominateurs mettent l&rsquo;association en relation avec les personnes, les communaut\u00e9s et les organisations candidates \u00e0 la r\u00e9alisation d&rsquo;initiatives soutenues ou \u00e0 l&rsquo;obtention du prix Paul K. Feyerabend. Les nominateurs re\u00e7oivent les demandes de soutien, posent des questions pour \u00e9valuer les initiatives et ne transmettent au bureau de l&rsquo;association que les demandes qu&rsquo;ils jugent \u00e9ligibles et prometteuses. Toutes les personnes, communaut\u00e9s et organisations qui ont un projet pour lequel elles souhaitent obtenir un soutien doivent contacter un Nominator proche de chez elles. Si elles n&rsquo;en connaissent aucun, elles doivent envoyer un concept de projet (de pr\u00e9f\u00e9rence en quelques paragraphes) \u00e0 <a href=\"mailto:secretariat@pkfeyerabend.org\">secretariat@pkfeyerabend.org<\/a>. Veuillez noter que l&rsquo;association n&rsquo;accepte que les initiatives qui suivent ses objectifs cl\u00e9s de solidarit\u00e9 communautaire et qui apportent d&rsquo;autres avantages utiles au sein et entre les communaut\u00e9s. Si le concept est jug\u00e9 prometteur, le secr\u00e9tariat mettra le promoteur en contact avec un nominateur comp\u00e9tent. Malheureusement, l&rsquo;association ne sera pas en mesure de r\u00e9pondre individuellement \u00e0 toutes les personnes qui soumettront de tels concepts.<\/p>\n<p><strong>La p\u00e9riode de soumission des initiatives, des nominations et des concepts s&rsquo;\u00e9tend du 1er janvier au 31 mai de l&rsquo;ann\u00e9e concern\u00e9e. Subvention maximale : 10 000 CHF pour les initiatives d&rsquo;une dur\u00e9e d&rsquo;un ou deux ans.<\/strong><\/p>","protected":false},"excerpt":{"rendered":"<p>Les initiatives concernent g\u00e9n\u00e9ralement des communaut\u00e9s humaines d\u00e9favoris\u00e9es qui s&rsquo;engagent dans la solidarit\u00e9 pour am\u00e9liorer leurs conditions de vie, leur environnement ou leurs droits collectifs, leurs responsabilit\u00e9s et leur autod\u00e9termination. Elles peuvent s&rsquo;attaquer aux conditions sociales qui provoquent ou perp\u00e9tuent&#8230;<\/p>\n","protected":false},"author":1,"featured_media":0,"parent":13,"menu_order":2,"comment_status":"open","ping_status":"open","template":"","meta":[],"_links":{"self":[{"href":"https:\/\/www.pkfeyerabend.org\/fr\/wp-json\/wp\/v2\/pages\/97"}],"collection":[{"href":"https:\/\/www.pkfeyerabend.org\/fr\/wp-json\/wp\/v2\/pages"}],"about":[{"href":"https:\/\/www.pkfeyerabend.org\/fr\/wp-json\/wp\/v2\/types\/page"}],"author":[{"embeddable":true,"href":"https:\/\/www.pkfeyerabend.org\/fr\/wp-json\/wp\/v2\/users\/1"}],"replies":[{"embeddable":true,"href":"https:\/\/www.pkfeyerabend.org\/fr\/wp-json\/wp\/v2\/comments?post=97"}],"version-history":[{"count":9,"href":"https:\/\/www.pkfeyerabend.org\/fr\/wp-json\/wp\/v2\/pages\/97\/revisions"}],"predecessor-version":[{"id":3151,"href":"https:\/\/www.pkfeyerabend.org\/fr\/wp-json\/wp\/v2\/pages\/97\/revisions\/3151"}],"up":[{"embeddable":true,"href":"https:\/\/www.pkfeyerabend.org\/fr\/wp-json\/wp\/v2\/pages\/13"}],"wp:attachment":[{"href":"https:\/\/www.pkfeyerabend.org\/fr\/wp-json\/wp\/v2\/media?parent=97"}],"curies":[{"name":"wp","href":"https:\/\/api.w.org\/{rel}","templated":true}]}}

<p><a href="https://pkfeyerabend.org/wp-content/uploads/2013/02/subventions.jpg"><img decoding="async" loading="lazy" class="alignnone size-full wp-image-387" src="https://pkfeyerabend.org/wp-content/uploads/2013/02/subventions.jpg" alt="subventions" width="636" height="295" srcset="https://www.pkfeyerabend.org/wp-content/uploads/2013/02/subventions.jpg 636w, https://www.pkfeyerabend.org/wp-content/uploads/2013/02/subventions-300x139.jpg 300w" sizes="(max-width: 636px) 100vw, 636px" /></a></p>
<p>Les initiatives concernent généralement des communautés humaines défavorisées qui s&rsquo;engagent dans la solidarité pour améliorer leurs conditions de vie, leur environnement ou leurs droits collectifs, leurs responsabilités et leur autodétermination. Elles peuvent s&rsquo;attaquer aux conditions sociales qui provoquent ou perpétuent le manque de solidarité au sein des communautés ou entre elles. Elles peuvent également concerner des communautés d&rsquo;esprit, désireuses d&rsquo;agir solidairement pour défendre une valeur qu&rsquo;elles partagent.</p>
<p><strong>Critères de sélection</strong></p>
<p>L&rsquo;Assemblée générale choisit les initiatives qui seront soutenues par l&rsquo;association, en fonction des résultats attendus et conformément aux objectifs de l&rsquo;association, en donnant la préférence aux :</p>
<ul>
<li>initiatives qui renforcent et génèrent clairement la solidarité au sein des communautés concernées ;</li>
<li>initiatives exemplaires, capables d&rsquo;inspirer et de motiver d&rsquo;autres communautés ;</li>
<li>les initiatives qui, avec un petit soutien initial, sont susceptibles de devenir durables ;</li>
<li>les initiatives peu susceptibles de bénéficier d&rsquo;autres soutiens en raison de leur caractère pionnier ;</li>
<li>les initiatives fondées sur des hypothèses de travail plausibles, menées par des acteurs de confiance capables de les réaliser (faisabilité).</li>
</ul>
<p><strong>Procédures de candidature</strong></p>
<p>L&rsquo;APKF collabore avec un réseau de personnes qualifiées, appelées « nominateurs », résidant dans plus de 70 pays à travers le monde. Les nominateurs mettent l&rsquo;association en relation avec les personnes, les communautés et les organisations candidates à la réalisation d&rsquo;initiatives soutenues ou à l&rsquo;obtention du prix Paul K. Feyerabend. Les nominateurs reçoivent les demandes de soutien, posent des questions pour évaluer les initiatives et ne transmettent au bureau de l&rsquo;association que les demandes qu&rsquo;ils jugent éligibles et prometteuses. Toutes les personnes, communautés et organisations qui ont un projet pour lequel elles souhaitent obtenir un soutien doivent contacter un Nominator proche de chez elles. Si elles n&rsquo;en connaissent aucun, elles doivent envoyer un concept de projet (de préférence en quelques paragraphes) à <a href="mailto:secretariat@pkfeyerabend.org">secretariat@pkfeyerabend.org</a>. Veuillez noter que l&rsquo;association n&rsquo;accepte que les initiatives qui suivent ses objectifs clés de solidarité communautaire et qui apportent d&rsquo;autres avantages utiles au sein et entre les communautés. Si le concept est jugé prometteur, le secrétariat mettra le promoteur en contact avec un nominateur compétent. Malheureusement, l&rsquo;association ne sera pas en mesure de répondre individuellement à toutes les personnes qui soumettront de tels concepts.</p>
<p><strong>La période de soumission des initiatives, des nominations et des concepts s&rsquo;étend du 1er janvier au 31 mai de l&rsquo;année concernée. Subvention maximale : 10 000 CHF pour les initiatives d&rsquo;une durée d&rsquo;un ou deux ans.</strong></p>

<p>Les initiatives concernent généralement des communautés humaines défavorisées qui s&rsquo;engagent dans la solidarité pour améliorer leurs conditions de vie, leur environnement ou leurs droits collectifs, leurs responsabilités et leur autodétermination. Elles peuvent s&rsquo;attaquer aux conditions sociales qui provoquent ou perpétuent&#8230;</p>
